hat is m(-37)?
48
Let l(f) = -f**3 + 6*f + 8. What is l(-3)?
17
Let u(f) = -14*f - 55. Calculate u(-6).
29
Let v(m) = 6*m - 1. Determine v(3).
17
Let s(i) = i**3 + 4*i**2 - 5*i - 5. Calculate s(-4).
15
Let h(o) = o - 3. Determine h(-2).
-5
Let j(n) = n**2 - 9*n - 9. Give j(9).
-9
Let m(a) = -a**3 + 7*a**2 - 5*a + 14. Give m(6).
20
Let u(a) = -a + 27. What is u(13)?
14
Let s(q) = q. Calculate s(-7).
-7
Let m(o) = 2*o**3 + 13*o**2 + 8*o + 4. Give m(-6).
-8
Let w(y) = y**2 - 16*y - 8. What is w(16)?
-8
Let q(d) = -d**2 - 9*d + 8. Determine q(-11).
-14
Let x(f) = 3*f - 3. What is x(6)?
15
Let a(h) = 4*h**3 - 3*h**2 + 3*h - 3. Give a(2).
23
Let d(y) = y**3 - 3*y**2 - 4*y + 3. Determine d(3).
-9
Let a(p) = -2*p**2 + 10*p - 22. Calculate a(8).
-70
Let w(a) = -a**3 + 7*a**2 - 10*a + 35. Give w(7).
-35
Let d(k) = -k**3 + 5*k**2 + 2. Give d(5).
2
Let a(t) = -22*t**3 - t**2 + 5*t - 3. What is a(1)?
-21
Let q(p) = -117*p - 816. Determine q(-7).
3
Let q(h) = -h**2 + 11*h - 22. Give q(8).
2
Let w(h) = 5*h + 176. Calculate w(-31).
21
Let y(j) = -j**3 + 6*j**2 - 5*j - 10. Give y(4).
2
Let p(u) = 2*u**2 + 9*u - 5. What is p(-7)?
30
Let p(d) = -d**2 + 4*d + 2. Determine p(-8).
-94
Let p(t) = -t**3 - 8*t**2 + 4*t + 18. Determine p(-8).
-14
Let c(v) = -4*v**2 - 14*v + 25. Calculate c(-4).
17
Let x(s) = s**2 - 2*s - 5. Determine x(0).
-5
Let g(j) = -j**2 - 17*j - 70. Determine g(-6).
-4
Let k(i) = -i**3 - 5*i**2 - 5*i - 16. Give k(-5).
9
Let k(u) = -u**3 - 3*u**2 - u - 2. Give k(-3).
1
Let a(d) = 4*d**3 + 4*d**2 + 10*d - 1. Calculate a(-3).
-103
Let w(d) = 33*d**3 + d. Give w(1).
34
Let x(y) = 2*y**2 + 35*y + 60. Determine x(-15).
-15
Let c(z) = z**3 + 14*z**2 + 7*z - 66. Calculate c(-13).
12
Let d(o) = 5*o + 25. Give d(-3).
10
Let f(r) = -2*r. Determine f(-9).
18
Let c(m) = -m**3 + 11*m**2 - 4*m - 22. Calculate c(11).
-66
Let g(d) = 24*d**2 - 8*d - 2. What is g(-3)?
238
Let i(a) = -3*a + 4. What is i(8)?
-20
Let j(u) = -u**2 + 51*u - 628. Give j(22).
10
Let b(l) = 13*l + 1. Give b(1).
14
Let z(l) = -3*l**2 + 101*l + 12. Determine z(34).
-22
Let o(u) = 134*u**3 - u. Determine o(1).
133
Let z(a) = -a**3 + 7*a**2 + 3*a - 10. Determine z(7).
11
Let j(z) = z**3 + z**2 - 12*z + 7. What is j(3)?
7
Let f(y) = -5*y + 34. What is f(4)?
14
Let x(u) = u**3 - 11*u**2 - 39. Calculate x(12).
105
Let n(t) = -t**3 + 15*t**2 - 11*t + 20. What is n(14)?
62
Let t(d) = d**2 - 9*d - 41. Determine t(13).
11
Let z(i) = i**3 + 5*i**2 - i - 1. What is z(-6)?
-31
Let u(i) = -i**3 - i**2 + 1. What is u(1)?
-1
Let i(k) = -k**3 + 22*k**2 - 20*k - 32. Give i(21).
-11
Let d(p) = -9*p - 3. Calculate d(-1).
6
Let m(q) = -q**3 - 28*q**2 + 30*q + 26. Calculate m(-29).
-3
Let j(h) = -2*h**2 - 17*h + 109. Determine j(-12).
25
Let c(b) = -5*b - 155. What is c(-32)?
5
Let f(j) = -j**2 + 40*j - 74. Determine f(2).
2
Let g(f) = -f**2 + 4*f + 1. Determine g(-3).
-20
Let y(k) = 49*k + 386. What is y(-8)?
-6
Let w(k) = 4*k - 69. What is w(16)?
-5
Let w(x) = x**2 + 9*x - 1. Give w(-14).
69
Let i(p) = -p**3 - 8*p**2 + 2*p + 29. Determine i(-8).
13
Let g(p) = p**3 - p**2 + 10. What is g(0)?
10
Let i(r) = r**2 + 25*r + 41. Determine i(-23).
-5
Let i(b) = -b**2 - 17*b - 72. What is i(-15)?
-42
Let j(r) = -r**3 - r**2 - 4*r - 165. What is j(0)?
-165
Let q(k) = 2*k**2 - 18*k + 8. Determine q(10).
28
Let o(w) = -17*w + 388. Determine o(23).
-3
Let w(y) = 7*y + 1. Give w(1).
8
Let k(d) = -d - 51. Calculate k(-10).
-41
Let s(d) = d**2 - 7*d + 4. Calculate s(5).
-6
Let h(i) = 3*i**2 + 11*i - 5. Determine h(-5).
15
Let q(w) = -w**2 + 10*w - 19. Give q(4).
5
Let t(k) = 15*k**2 + 1. Give t(1).
16
Let t(i) = -i**3 + 4*i**2 + 5*i + 5. Calculate t(5).
5
Let t(p) = -p**3 + 8*p**2 - p + 11. Calculate t(8).
3
Let v(u) = -7*u - 305. Calculate v(-41).
-18
Let z(l) = -l**3 - 13*l**2 + 14*l + 9. Determine z(-14).
9
Let t(u) = 3*u**3 + u**2 + 5*u + 7. Give t(-2).
-23
Let n(q) = -43*q - 93. Give n(-4).
79
Let k(b) = b**3 - 6*b**2 + b + 4. Determine k(2).
-10
Let r(h) = -2*h**3 - 22*h**2 + 6*h + 60. Give r(-11).
-6
Let r(u) = -16*u**2 - 2*u + 1. Give r(-2).
-59
Let b(s) = -s**2 - 2. Give b(0).
-2
Let p(o) = 25*o + 49. Calculate p(-2).
-1
Let z(s) = s**3 - 13*s**2 - 15*s - 15. What is z(14)?
-29
Let n(h) = -8*h**2 + 1. Determine n(-3).
-71
Let m(k) = 4*k - 61. Determine m(15).
-1
Let w(f) = -23*f - 17. Determine w(5).
-132
Let m(l) = -l + 18. Give m(11).
7
Let c(t) = -4*t - 1. Give c(-4).
15
Let f(o) = o**3 - 7*o**2 + 8*o + 13. Give f(7).
69
Let x(n) = 6*n - 209. Calculate x(36).
7
Let m(w) = -w**3 - 20*w**2 - 36*w + 7. Calculate m(-18).
7
Let j(i) = 2*i**3 + i**2 + 2*i + 2. Give j(-2).
-14
Let a(q) = q**3 + 2*q**2 + 2*q - 27. What is a(5)?
158
Let y(w) = -w**2 + 6*w + 4. Give y(6).
4
Let j(k) = 5*k + 18. Calculate j(-6).
-12
Let s(n) = -n**3 - 6*n**2 - 2*n + 1. What is s(-5)?
-14
Let g(f) = -5*f**2 + 30*f - 30. Calculate g(5).
-5
Let f(y) = y**3 + 61*y**2 + 116*y - 122. Determine f(-59).
-4
Let q(p) = -4*p**2. Calculate q(1).
-4
Let t(s) = s**3 - 20*s**2 + 23*s + 26. Calculate t(19).
102
Let p(c) = 2*c + 14. Calculate p(-6).
2
Let o(c) = 45*c**2 - 7*c + 6. What is o(1)?
44
Let o(u) = -9*u - 33. Determine o(-4).
3
Let t(u) = u**2 + 6*u + 4. Calculate t(-7).
11
Let l(j) = j**2 - 40*j + 335. Give l(28).
-1
Let d(b) = -b**3 + 16*b**2 - 14*b - 17. Give d(15).
-2
Let i(m) = -36*m - 175. What is i(-5)?
5
Let f(b) = -5*b**3 + b**2 + 1. Calculate f(-1).
7
Let d(l) = -3*l + 19. What is d(11)?
-14
Let i(r) = r**2 + 3*r + 4. Calculate i(-3).
4
Let k(h) = -h**3 + 9*h**2 - 8*h - 6. Determine k(8).
-6
Let w(n) = 3*n**2 + 10*n + 12. What is w(-6)?
60
Let z(b) = -b**3 - 12*b**2 + 13*b + 19. What is z(-13)?
19
Let z(k) = k + 5. Calculate z(-3).
2
Let k(n) = -n**2 + 26*n - 159. What is k(15)?
6
Let l(f) = -5*f - 15. Calculate l(0).
-15
Let l(d) = -2*d**2 - d - 1. What is l(-6)?
-67
Let c(v) = 32*v + 47. What is c(-3)?
-49
Let x(u) = -u**3 - 23*u**2 + u + 15. What is x(-23)?
-8
Let h(i) = i**3 + 2*i**2 - 6*i - 3. What is h(-3)?
6
Let i(k) = 4*k - 8. Give i(6).
16
Let u(z) = 7*z + 227. What is u(-30)?
17
Let n(f) = f**3 - 6*f**2 - 13*f - 1. Calculate n(9).
125
Let k(p) = 2*p**2 - 6. Calculate k(3).
12
Let n(o) = -3*o + 40. What is n(-12)?
76
Let s(u) = u**3 - 3*u**2 - 20*u - 4. Determine s(6).
-16
Let q(f) = -3*f**2 + 2*f - 15. What is q(-4)?
-71
Let t(l) = 7*l**2 + 42*l - 11. Determine t(-6).
-11
Let f(s) = s**3 + 5*s**2 + 2*s - 2. Determine f(-4).
6
Let k(d) = -d**3 - 12*d**2 - 14*d + 8. Determine k(-11).
41
Let z(c) = c + 4. Determine z(8).
12
Let y(u) = u**2 + 4*u + 78. Calculate y(0).
78
Let k(w) = -w**3 - 8*w**2 + 9*w + 7. Calculate k(3).
-65
Let k(n) = 4*n**3 - n**2 - 3*n - 2. What is k(2)?
20
Let b(y) = 6*y**2 - 7*y + 1. Calculate b(2).
11
Let q(y) = -y**2 - 10*y - 17. Determine q(-7).
4
Let s(y) = y**2 + 2*y - 4. Calculate s(4).
20
Let b(a) = -a**3 + 2*a**2 + 9*a + 12. Determine b(-2).
10
Let d(x) = -33*x - 7. What is d(1)?
-40
Let w(a) = 2*a**3 + 9*a**2 - 7*a - 5. Determine w(-5).
5
Let s(b) = -7*b**3 + 2*b**2 + 2*b. Determine s(-2).
60
Let z(y) = 7*y**2 + 22*y - 3. Determine z(-3).
-6
Let g(w) = w**3 + 9*w**2 + w + 12. Calculate g(-9).
3
Let g(w) = -w - 6. Give g(12).
-18
Let p(c) = c**3 - 44*c**2 - 50*c + 225. Give p(45).
0
Let n(m) = -m**2 - 8*m - 1. What is n(-8)?
-1
Let d(c) = c**2 - c. Calculate d(4).
12
Let s(t) = 5*t**2 - 18*t + 59. What is s(5)?
94
Let y(b) = b**3 - 14*b**2 + 37*b - 42. What is y(11)?
2
Let c(k) = k - 6. Give c(0).
-6
Let x(z) = -z**2 + 16*z + 64. Give x(19).
7
Let y(n) = 10*n + 7. Calculate y(2).
27
Let w(z) = -z**3 + 6*z**2 - 58*z + 448. What is w(7)?
-7
Let d(q) = 6*q + 2. Give d(-5).
-28
Let a(j) = 3*j**3 + 4*j**2 + 4*j. Calculate a(-2).
-16
Let m(z) = -z**3 - 7*z**2 - z - 2. What is m(-6)?
-32
Let m(o) = 2*o - 11. Calculate m(2).
-7
Let h(w) = -w**3 - 5*w**2 - 4*w - 5. Determine h(-5).
15
Let k(i) = i**2 - 11*i + 12. What is k(8)?
-12
Let y(v) = -v + 11. Calculate y(6).
5
Let f(q) = -2*q + 5. Calculate f(8).
-11
Let v(y) = 21*y**2 - 3*y + 2. What is v(1)?
20
Let w(j) = -2*j**2 - 30*j + 37. Calculate w(-17).
-31
Let u(q) = 16*q**3 - 3*q + 1. Determine u(1).
14
Let k(i) = 2*i**3 - 97*i**2 + 45*i + 136. Give k(48).
-8
Let c(d) = -d**3 + 5*d**2 - 6*d + 5. Give c(3).
5
Let u(b) = b**2. What is u(1)?
1
Let u(h) = -